{"id":22,"date":"2019-01-02T14:08:35","date_gmt":"2019-01-02T13:08:35","guid":{"rendered":"http:\/\/localhost\/octikt\/?page_id=22"},"modified":"2019-01-07T10:32:40","modified_gmt":"2019-01-07T09:32:40","slug":"fzi-forschungszentrum-informatik","status":"publish","type":"page","link":"https:\/\/projekt-octikt.fzi.de\/index.php\/fzi-forschungszentrum-informatik\/","title":{"rendered":"FZI Forschungszentrum Informatik"},"content":{"rendered":"\n<div class=\"wp-block-image\"><figure class=\"alignright is-resized\"><img loading=\"lazy\" decoding=\"async\" src=\"https:\/\/projekt-octikt.fzi.de\/\/wp-content\/uploads\/2019\/01\/fzi-crop.png\" alt=\"\" class=\"wp-image-133\" width=\"66\" height=\"110\"\/><\/figure><\/div>\n\n\n\n<p>Das <em>FZI Forschungszentrum Informatik<\/em> wurde 1985 gegr\u00fcndet und ist eine gemeinn\u00fctzige Forschungseinrichtung des Landes Baden-W\u00fcrttemberg. Die zentrale Aufgabe ist es, neueste Ergebnisse wissenschaftlicher Forschung in mittelst\u00e4ndische und industrielle Unternehmen zu transferieren. Rechtlich selbst\u00e4ndig, ist das FZI eng mit zwei Universit\u00e4ten verbunden: F\u00fcr den Technologietransfer engagieren sich am FZI rund zwanzig Professorinnen und Professoren aus verschiedenen Fakult\u00e4ten des Karlsruher Instituts f\u00fcr Technologie (KIT) und der Universit\u00e4t T\u00fcbingen. Das FZI fungiert als Innovationsdrehscheibe des KIT f\u00fcr Informations- und Kommunikationstechnologien sowie Plattform f\u00fcr den Wissens- und Technologietransfer zwischen der Grundlagenforschung hin zur Industrie. Als Forschungstransfereinrichtung kennt das FZI neben der akademischen Ausbildung junger Fachkr\u00e4fte auch die Anforderungen aus der industriellen Praxis.<\/p>\n\n\n\n<p>Das FZI ist Konsortialf\u00fchrer des Projekts und bringt dar\u00fcber hinaus seine Expertise im Energiemanagement von Geb\u00e4uden und Quartieren ein.  Dabei ist es insbesondere f\u00fcr den konkreten Anwendungsfall &#8222;Dezentrales Energiemanagement in einem urbanen Wohnquartier&#8220; verantwortlich.  <\/p>\n\n\n\n<p> <br><strong>Kontakt<\/strong> <br>FZI Forschungszentrum Informatik<br>Haid-und-Neu-Str. 10-14<br>76131 Karlsruhe<br><br>Tel. +49 721 9654-0<br>Fax. +49 721 9654-959<br>fzi@fzi.de<br><a href=\"http:\/\/www.fzi.de\">www.fzi.de<\/a><br><br><strong>Ansprechpartner<\/strong><br>Projektleiter<br>Fabian Kern<br>kern@fzi.de<br>Tel. +49 721 9654-566<\/p>\n","protected":false},"excerpt":{"rendered":"<p>Das FZI Forschungszentrum Informatik wurde 1985 gegr\u00fcndet und ist eine gemeinn\u00fctzige Forschungseinrichtung des Landes Baden-W\u00fcrttemberg. Die zentrale Aufgabe ist es, neueste Ergebnisse wissenschaftlicher Forschung in mittelst\u00e4ndische und industrielle Unternehmen zu &#8230;<\/p>\n","protected":false},"author":1,"featured_media":0,"parent":0,"menu_order":0,"comment_status":"closed","ping_status":"closed","template":"","meta":{"footnotes":""},"class_list":["post-22","page","type-page","status-publish","hentry"],"_links":{"self":[{"href":"https:\/\/projekt-octikt.fzi.de\/index.php\/wp-json\/wp\/v2\/pages\/22","targetHints":{"allow":["GET"]}}],"collection":[{"href":"https:\/\/projekt-octikt.fzi.de\/index.php\/wp-json\/wp\/v2\/pages"}],"about":[{"href":"https:\/\/projekt-octikt.fzi.de\/index.php\/wp-json\/wp\/v2\/types\/page"}],"author":[{"embeddable":true,"href":"https:\/\/projekt-octikt.fzi.de\/index.php\/wp-json\/wp\/v2\/users\/1"}],"replies":[{"embeddable":true,"href":"https:\/\/projekt-octikt.fzi.de\/index.php\/wp-json\/wp\/v2\/comments?post=22"}],"version-history":[{"count":3,"href":"https:\/\/projekt-octikt.fzi.de\/index.php\/wp-json\/wp\/v2\/pages\/22\/revisions"}],"predecessor-version":[{"id":214,"href":"https:\/\/projekt-octikt.fzi.de\/index.php\/wp-json\/wp\/v2\/pages\/22\/revisions\/214"}],"wp:attachment":[{"href":"https:\/\/projekt-octikt.fzi.de\/index.php\/wp-json\/wp\/v2\/media?parent=22"}],"curies":[{"name":"wp","href":"https:\/\/api.w.org\/{rel}","templated":true}]}}